{"id":1449,"date":"2022-05-25T09:10:54","date_gmt":"2022-05-25T09:10:54","guid":{"rendered":"https:\/\/www.fabrezgroup.com\/home\/?page_id=1449"},"modified":"2024-10-15T09:20:49","modified_gmt":"2024-10-15T09:20:49","slug":"catalogos","status":"publish","type":"page","link":"https:\/\/www.fabrezgroup.com\/home\/grupo-fabrez\/catalogos\/","title":{"rendered":"PAGINA CATALOGOS"},"content":{"rendered":"\t\t<div data-elementor-type=\"wp-page\" data-elementor-id=\"1449\" class=\"elementor elementor-1449\" data-elementor-post-type=\"page\">\n\t\t\t\t\t\t<section class=\"elementor-section elementor-top-section elementor-element elementor-element-b7b8226 elementor-section-full_width elementor-section-height-min-height elementor-section-items-top elementor-section-stretched elementor-section-height-default\" data-id=\"b7b8226\" data-element_type=\"section\" data-e-type=\"section\" data-settings=\"{&quot;stretch_section&quot;:&quot;section-stretched&quot;,&quot;shape_divider_bottom&quot;:&quot;curve&quot;,&quot;shape_divider_bottom_negative&quot;:&quot;yes&quot;}\">\n\t\t\t\t\t\t\t<div class=\"elementor-background-overlay\"><\/div>\n\t\t\t\t\t\t<div class=\"elementor-shape elementor-shape-bottom\" aria-hidden=\"true\" data-negative=\"true\">\n\t\t\t<svg xmlns=\"http:\/\/www.w3.org\/2000\/svg\" viewBox=\"0 0 1000 100\" preserveAspectRatio=\"none\">\n\t<path class=\"elementor-shape-fill\" d=\"M500,97C126.7,96.3,0.8,19.8,0,0v100l1000,0V1C1000,19.4,873.3,97.8,500,97z\"\/>\n<\/svg>\t\t<\/div>\n\t\t\t\t\t<div class=\"elementor-container elementor-column-gap-no\">\n\t\t\t\t\t<div class=\"elementor-column elementor-col-100 elementor-top-column elementor-element elementor-element-a91538d\" data-id=\"a91538d\" data-element_type=\"column\" data-e-type=\"column\">\n\t\t\t<div class=\"elementor-widget-wrap elementor-element-populated\">\n\t\t\t\t\t\t\t<\/div>\n\t\t<\/div>\n\t\t\t\t\t<\/div>\n\t\t<\/section>\n\t\t\t\t<section class=\"elementor-section elementor-top-section elementor-element elementor-element-3b32611 elementor-section-full_width elementor-section-stretched elementor-section-height-default elementor-section-height-default\" data-id=\"3b32611\" data-element_type=\"section\" data-e-type=\"section\" data-settings=\"{&quot;stretch_section&quot;:&quot;section-stretched&quot;,&quot;background_background&quot;:&quot;classic&quot;}\">\n\t\t\t\t\t\t<div class=\"elementor-container elementor-column-gap-no\">\n\t\t\t\t\t<div class=\"elementor-column elementor-col-100 elementor-top-column elementor-element elementor-element-afd606b\" data-id=\"afd606b\" data-element_type=\"column\" data-e-type=\"column\">\n\t\t\t<div class=\"elementor-widget-wrap elementor-element-populated\">\n\t\t\t\t\t\t<div class=\"elementor-element elementor-element-8286442 elementor-widget elementor-widget-spacer\" data-id=\"8286442\" data-element_type=\"widget\" data-e-type=\"widget\" data-widget_type=\"spacer.default\">\n\t\t\t\t<div class=\"elementor-widget-container\">\n\t\t\t\t\t\t\t<div class=\"elementor-spacer\">\n\t\t\t<div class=\"elementor-spacer-inner\"><\/div>\n\t\t<\/div>\n\t\t\t\t\t\t<\/div>\n\t\t\t\t<\/div>\n\t\t\t\t<div class=\"elementor-element elementor-element-719bc30 elementor-widget elementor-widget-heading\" data-id=\"719bc30\" data-element_type=\"widget\" data-e-type=\"widget\" data-widget_type=\"heading.default\">\n\t\t\t\t<div class=\"elementor-widget-container\">\n\t\t\t\t\t<h3 class=\"elementor-heading-title elementor-size-default\">Accede a nuestros cat\u00e1logos y descubre<\/h3>\t\t\t\t<\/div>\n\t\t\t\t<\/div>\n\t\t\t\t<div class=\"elementor-element elementor-element-038e04d elementor-widget elementor-widget-heading\" data-id=\"038e04d\" data-element_type=\"widget\" data-e-type=\"widget\" data-widget_type=\"heading.default\">\n\t\t\t\t<div class=\"elementor-widget-container\">\n\t\t\t\t\t<h3 class=\"elementor-heading-title elementor-size-default\">NUESTROS PRODUCTOS<\/h3>\t\t\t\t<\/div>\n\t\t\t\t<\/div>\n\t\t\t\t<section class=\"elementor-section elementor-inner-section elementor-element elementor-element-07d8947 elementor-section-content-top elementor-section-boxed elementor-section-height-default elementor-section-height-default\" data-id=\"07d8947\" data-element_type=\"section\" data-e-type=\"section\" data-settings=\"{&quot;background_background&quot;:&quot;classic&quot;}\">\n\t\t\t\t\t\t<div class=\"elementor-container elementor-column-gap-no\">\n\t\t\t\t\t<div class=\"elementor-column elementor-col-25 elementor-inner-column elementor-element elementor-element-98d028e\" data-id=\"98d028e\" data-element_type=\"column\" data-e-type=\"column\">\n\t\t\t<div class=\"elementor-widget-wrap elementor-element-populated\">\n\t\t\t\t\t\t<div class=\"elementor-element elementor-element-513757f elementor-cta--skin-cover elementor-cta--valign-middle elementor-animated-content elementor-bg-transform elementor-bg-transform-zoom-in elementor-widget elementor-widget-call-to-action\" data-id=\"513757f\" data-element_type=\"widget\" data-e-type=\"widget\" data-widget_type=\"call-to-action.default\">\n\t\t\t\t<div class=\"elementor-widget-container\">\n\t\t\t\t\t\t\t<a class=\"elementor-cta\" href=\"https:\/\/books.fabrezgroup.com\/books\/fjro\/\">\n\t\t\t\t\t<div class=\"elementor-cta__bg-wrapper\">\n\t\t\t\t<div class=\"elementor-cta__bg elementor-bg\" style=\"background-image: url(https:\/\/www.fabrezgroup.com\/home\/wp-content\/uploads\/2022\/06\/Cata\u0301logo_Cleancity.png);\" role=\"img\" aria-label=\"Cata\u0301logo_Cleancity\"><\/div>\n\t\t\t\t<div class=\"elementor-cta__bg-overlay\"><\/div>\n\t\t\t<\/div>\n\t\t\t\t\t\t\t<div class=\"elementor-cta__content\">\n\t\t\t\t\n\t\t\t\t\n\t\t\t\t\n\t\t\t\t\t\t\t<\/div>\n\t\t\t\t\t\t<\/a>\n\t\t\t\t\t\t<\/div>\n\t\t\t\t<\/div>\n\t\t\t\t<div class=\"elementor-element elementor-element-256406a elementor-widget elementor-widget-heading\" data-id=\"256406a\" data-element_type=\"widget\" data-e-type=\"widget\" data-widget_type=\"heading.default\">\n\t\t\t\t<div class=\"elementor-widget-container\">\n\t\t\t\t\t<h3 class=\"elementor-heading-title elementor-size-default\">Cleancity<\/h3>\t\t\t\t<\/div>\n\t\t\t\t<\/div>\n\t\t\t\t<div class=\"elementor-element elementor-element-d5f6f83 elementor-widget elementor-widget-heading\" data-id=\"d5f6f83\" data-element_type=\"widget\" data-e-type=\"widget\" data-widget_type=\"heading.default\">\n\t\t\t\t<div class=\"elementor-widget-container\">\n\t\t\t\t\t<h3 class=\"elementor-heading-title elementor-size-default\">Embelleciendo Ciudades<\/h3>\t\t\t\t<\/div>\n\t\t\t\t<\/div>\n\t\t\t\t\t<\/div>\n\t\t<\/div>\n\t\t\t\t<div class=\"elementor-column elementor-col-25 elementor-inner-column elementor-element elementor-element-88a1cb5\" data-id=\"88a1cb5\" data-element_type=\"column\" data-e-type=\"column\">\n\t\t\t<div class=\"elementor-widget-wrap elementor-element-populated\">\n\t\t\t\t\t\t<div class=\"elementor-element elementor-element-86d2518 elementor-cta--skin-cover elementor-cta--valign-middle elementor-animated-content elementor-bg-transform elementor-bg-transform-zoom-in elementor-widget elementor-widget-call-to-action\" data-id=\"86d2518\" data-element_type=\"widget\" data-e-type=\"widget\" data-widget_type=\"call-to-action.default\">\n\t\t\t\t<div class=\"elementor-widget-container\">\n\t\t\t\t\t\t\t<a class=\"elementor-cta\" href=\"https:\/\/books.fabrezgroup.com\/books\/bafn\/\" rel=\"nofollow\">\n\t\t\t\t\t<div class=\"elementor-cta__bg-wrapper\">\n\t\t\t\t<div class=\"elementor-cta__bg elementor-bg\" style=\"background-image: url(https:\/\/www.fabrezgroup.com\/home\/wp-content\/uploads\/2022\/06\/Cata\u0301logo_Ecomove-1024x1024.png);\" role=\"img\" aria-label=\"Cata\u0301logo_Ecomove\"><\/div>\n\t\t\t\t<div class=\"elementor-cta__bg-overlay\"><\/div>\n\t\t\t<\/div>\n\t\t\t\t\t\t\t<div class=\"elementor-cta__content\">\n\t\t\t\t\n\t\t\t\t\n\t\t\t\t\n\t\t\t\t\t\t\t<\/div>\n\t\t\t\t\t\t<\/a>\n\t\t\t\t\t\t<\/div>\n\t\t\t\t<\/div>\n\t\t\t\t<div class=\"elementor-element elementor-element-6608dd1 elementor-widget elementor-widget-heading\" data-id=\"6608dd1\" data-element_type=\"widget\" data-e-type=\"widget\" data-widget_type=\"heading.default\">\n\t\t\t\t<div class=\"elementor-widget-container\">\n\t\t\t\t\t<h3 class=\"elementor-heading-title elementor-size-default\">Ecomove<\/h3>\t\t\t\t<\/div>\n\t\t\t\t<\/div>\n\t\t\t\t<div class=\"elementor-element elementor-element-296c795 elementor-widget elementor-widget-heading\" data-id=\"296c795\" data-element_type=\"widget\" data-e-type=\"widget\" data-widget_type=\"heading.default\">\n\t\t\t\t<div class=\"elementor-widget-container\">\n\t\t\t\t\t<h3 class=\"elementor-heading-title elementor-size-default\">Movilidad El\u00e9ctrica<\/h3>\t\t\t\t<\/div>\n\t\t\t\t<\/div>\n\t\t\t\t\t<\/div>\n\t\t<\/div>\n\t\t\t\t<div class=\"elementor-column elementor-col-25 elementor-inner-column elementor-element elementor-element-4c303ae\" data-id=\"4c303ae\" data-element_type=\"column\" data-e-type=\"column\">\n\t\t\t<div class=\"elementor-widget-wrap elementor-element-populated\">\n\t\t\t\t\t\t<div class=\"elementor-element elementor-element-9141464 elementor-cta--skin-cover elementor-cta--valign-middle elementor-animated-content elementor-bg-transform elementor-bg-transform-zoom-in elementor-widget elementor-widget-call-to-action\" data-id=\"9141464\" data-element_type=\"widget\" data-e-type=\"widget\" data-widget_type=\"call-to-action.default\">\n\t\t\t\t<div class=\"elementor-widget-container\">\n\t\t\t\t\t\t\t<a class=\"elementor-cta\" href=\"http:\/\/www.fabrezgroup.com\/home\/grupo-fabrez\/catalogos\/catalogo-metalfab\/#Catalogo_Metalfab\">\n\t\t\t\t\t<div class=\"elementor-cta__bg-wrapper\">\n\t\t\t\t<div class=\"elementor-cta__bg elementor-bg\" style=\"background-image: url(https:\/\/www.fabrezgroup.com\/home\/wp-content\/uploads\/2022\/06\/Cata\u0301logo_MetalFab-1024x1024.png);\" role=\"img\" aria-label=\"Cata\u0301logo_MetalFab\"><\/div>\n\t\t\t\t<div class=\"elementor-cta__bg-overlay\"><\/div>\n\t\t\t<\/div>\n\t\t\t\t\t\t\t<div class=\"elementor-cta__content\">\n\t\t\t\t\n\t\t\t\t\n\t\t\t\t\n\t\t\t\t\t\t\t<\/div>\n\t\t\t\t\t\t<\/a>\n\t\t\t\t\t\t<\/div>\n\t\t\t\t<\/div>\n\t\t\t\t<div class=\"elementor-element elementor-element-eb8baa2 elementor-widget elementor-widget-heading\" data-id=\"eb8baa2\" data-element_type=\"widget\" data-e-type=\"widget\" data-widget_type=\"heading.default\">\n\t\t\t\t<div class=\"elementor-widget-container\">\n\t\t\t\t\t<h3 class=\"elementor-heading-title elementor-size-default\">MetalFab<\/h3>\t\t\t\t<\/div>\n\t\t\t\t<\/div>\n\t\t\t\t<div class=\"elementor-element elementor-element-7af53b0 elementor-widget elementor-widget-heading\" data-id=\"7af53b0\" data-element_type=\"widget\" data-e-type=\"widget\" data-widget_type=\"heading.default\">\n\t\t\t\t<div class=\"elementor-widget-container\">\n\t\t\t\t\t<h3 class=\"elementor-heading-title elementor-size-default\">Transformados Industriales<\/h3>\t\t\t\t<\/div>\n\t\t\t\t<\/div>\n\t\t\t\t\t<\/div>\n\t\t<\/div>\n\t\t\t\t<div class=\"elementor-column elementor-col-25 elementor-inner-column elementor-element elementor-element-7111b90\" data-id=\"7111b90\" data-element_type=\"column\" data-e-type=\"column\">\n\t\t\t<div class=\"elementor-widget-wrap elementor-element-populated\">\n\t\t\t\t\t\t<div class=\"elementor-element elementor-element-78b2180 elementor-cta--skin-cover elementor-cta--valign-middle elementor-animated-content elementor-bg-transform elementor-bg-transform-zoom-in elementor-widget elementor-widget-call-to-action\" data-id=\"78b2180\" data-element_type=\"widget\" data-e-type=\"widget\" data-widget_type=\"call-to-action.default\">\n\t\t\t\t<div class=\"elementor-widget-container\">\n\t\t\t\t\t\t\t<a class=\"elementor-cta\" href=\"https:\/\/books.fabrezgroup.com\/books\/egrg\/\">\n\t\t\t\t\t<div class=\"elementor-cta__bg-wrapper\">\n\t\t\t\t<div class=\"elementor-cta__bg elementor-bg\" style=\"background-image: url(https:\/\/www.fabrezgroup.com\/home\/wp-content\/uploads\/2022\/06\/Cata\u0301logo_AgriFab-1024x1024.png);\" role=\"img\" aria-label=\"Cata\u0301logo_AgriFab\"><\/div>\n\t\t\t\t<div class=\"elementor-cta__bg-overlay\"><\/div>\n\t\t\t<\/div>\n\t\t\t\t\t\t\t<div class=\"elementor-cta__content\">\n\t\t\t\t\n\t\t\t\t\n\t\t\t\t\n\t\t\t\t\t\t\t<\/div>\n\t\t\t\t\t\t<\/a>\n\t\t\t\t\t\t<\/div>\n\t\t\t\t<\/div>\n\t\t\t\t<div class=\"elementor-element elementor-element-8672f00 elementor-widget elementor-widget-heading\" data-id=\"8672f00\" data-element_type=\"widget\" data-e-type=\"widget\" data-widget_type=\"heading.default\">\n\t\t\t\t<div class=\"elementor-widget-container\">\n\t\t\t\t\t<h3 class=\"elementor-heading-title elementor-size-default\">AgriFab<\/h3>\t\t\t\t<\/div>\n\t\t\t\t<\/div>\n\t\t\t\t<div class=\"elementor-element elementor-element-0a8c0d8 elementor-widget elementor-widget-heading\" data-id=\"0a8c0d8\" data-element_type=\"widget\" data-e-type=\"widget\" data-widget_type=\"heading.default\">\n\t\t\t\t<div class=\"elementor-widget-container\">\n\t\t\t\t\t<h3 class=\"elementor-heading-title elementor-size-default\">Sistemas de Riego y <br> Maquinaria Agr\u00edcola<\/h3>\t\t\t\t<\/div>\n\t\t\t\t<\/div>\n\t\t\t\t\t<\/div>\n\t\t<\/div>\n\t\t\t\t\t<\/div>\n\t\t<\/section>\n\t\t\t\t<div class=\"elementor-element elementor-element-8a07201 elementor-widget elementor-widget-spacer\" data-id=\"8a07201\" data-element_type=\"widget\" data-e-type=\"widget\" data-widget_type=\"spacer.default\">\n\t\t\t\t<div class=\"elementor-widget-container\">\n\t\t\t\t\t\t\t<div class=\"elementor-spacer\">\n\t\t\t<div class=\"elementor-spacer-inner\"><\/div>\n\t\t<\/div>\n\t\t\t\t\t\t<\/div>\n\t\t\t\t<\/div>\n\t\t\t\t\t<\/div>\n\t\t<\/div>\n\t\t\t\t\t<\/div>\n\t\t<\/section>\n\t\t\t\t<\/div>\n\t\t","protected":false},"excerpt":{"rendered":"<p>Accede a nuestros cat\u00e1logos y descubre NUESTROS PRODUCTOS Cleancity Embelleciendo Ciudades Ecomove Movilidad El\u00e9ctrica MetalFab Transformados Industriales AgriFab Sistemas de Riego y Maquinaria Agr\u00edcola<\/p>\n","protected":false},"author":1,"featured_media":0,"parent":85,"menu_order":1,"comment_status":"closed","ping_status":"closed","template":"","meta":{"_monsterinsights_skip_tracking":false,"_monsterinsights_sitenote_active":false,"_monsterinsights_sitenote_note":"","_monsterinsights_sitenote_category":0,"site-sidebar-layout":"no-sidebar","site-content-layout":"plain-container","ast-site-content-layout":"default","site-content-style":"default","site-sidebar-style":"default","ast-global-header-display":"","ast-banner-title-visibility":"","ast-main-header-display":"","ast-hfb-above-header-display":"","ast-hfb-below-header-display":"","ast-hfb-mobile-header-display":"","site-post-title":"disabled","ast-breadcrumbs-content":"","ast-featured-img":"disabled","footer-sml-layout":"","ast-disable-related-posts":"","theme-transparent-header-meta":"","adv-header-id-meta":"","stick-header-meta":"","header-above-stick-meta":"","header-main-stick-meta":"","header-below-stick-meta":"","astra-migrate-meta-layouts":"default","ast-page-background-enabled":"default","ast-page-background-meta":{"desktop":{"background-color":"var(--ast-global-color-4)","background-image":"","background-repeat":"repeat","background-position":"center center","background-size":"auto","background-attachment":"scroll","background-type":"","background-media":"","overlay-type":"","overlay-color":"","overlay-opacity":"","overlay-gradient":""},"tablet":{"background-color":"","background-image":"","background-repeat":"repeat","background-position":"center center","background-size":"auto","background-attachment":"scroll","background-type":"","background-media":"","overlay-type":"","overlay-color":"","overlay-opacity":"","overlay-gradient":""},"mobile":{"background-color":"","background-image":"","background-repeat":"repeat","background-position":"center center","background-size":"auto","background-attachment":"scroll","background-type":"","background-media":"","overlay-type":"","overlay-color":"","overlay-opacity":"","overlay-gradient":""}},"ast-content-background-meta":{"desktop":{"background-color":"var(--ast-global-color-5)","background-image":"","background-repeat":"repeat","background-position":"center center","background-size":"auto","background-attachment":"scroll","background-type":"","background-media":"","overlay-type":"","overlay-color":"","overlay-opacity":"","overlay-gradient":""},"tablet":{"background-color":"var(--ast-global-color-5)","background-image":"","background-repeat":"repeat","background-position":"center center","background-size":"auto","background-attachment":"scroll","background-type":"","background-media":"","overlay-type":"","overlay-color":"","overlay-opacity":"","overlay-gradient":""},"mobile":{"background-color":"var(--ast-global-color-5)","background-image":"","background-repeat":"repeat","background-position":"center center","background-size":"auto","background-attachment":"scroll","background-type":"","background-media":"","overlay-type":"","overlay-color":"","overlay-opacity":"","overlay-gradient":""}},"footnotes":""},"class_list":["post-1449","page","type-page","status-publish","hentry"],"yoast_head":"<!-- This site is optimized with the Yoast SEO Premium plugin v23.4 (Yoast SEO v27.4) - https:\/\/yoast.com\/product\/yoast-seo-premium-wordpress\/ -->\n<title>PAGINA CATALOGOS - Fabrez Group<\/title>\n<meta name=\"robots\" content=\"index, follow, max-snippet:-1, max-image-preview:large, max-video-preview:-1\" \/>\n<link rel=\"canonical\" href=\"https:\/\/www.fabrezgroup.com\/home\/grupo-fabrez\/catalogos\/\" \/>\n<meta property=\"og:locale\" content=\"es_ES\" \/>\n<meta property=\"og:type\" content=\"article\" \/>\n<meta property=\"og:title\" content=\"PAGINA CATALOGOS\" \/>\n<meta property=\"og:description\" content=\"Accede a nuestros cat\u00e1logos y descubre NUESTROS PRODUCTOS Cleancity Embelleciendo Ciudades Ecomove Movilidad El\u00e9ctrica MetalFab Transformados Industriales AgriFab Sistemas de Riego y Maquinaria Agr\u00edcola\" \/>\n<meta property=\"og:url\" content=\"https:\/\/www.fabrezgroup.com\/home\/grupo-fabrez\/catalogos\/\" \/>\n<meta property=\"og:site_name\" content=\"Fabrez Group\" \/>\n<meta property=\"article:publisher\" content=\"https:\/\/www.facebook.com\/fabrez.group\/\" \/>\n<meta property=\"article:modified_time\" content=\"2024-10-15T09:20:49+00:00\" \/>\n<meta name=\"twitter:card\" content=\"summary_large_image\" \/>\n<meta name=\"twitter:label1\" content=\"Tiempo de lectura\" \/>\n\t<meta name=\"twitter:data1\" content=\"1 minuto\" \/>\n<script type=\"application\/ld+json\" class=\"yoast-schema-graph\">{\"@context\":\"https:\\\/\\\/schema.org\",\"@graph\":[{\"@type\":\"WebPage\",\"@id\":\"https:\\\/\\\/www.fabrezgroup.com\\\/home\\\/grupo-fabrez\\\/catalogos\\\/\",\"url\":\"https:\\\/\\\/www.fabrezgroup.com\\\/home\\\/grupo-fabrez\\\/catalogos\\\/\",\"name\":\"PAGINA CATALOGOS - Fabrez Group\",\"isPartOf\":{\"@id\":\"https:\\\/\\\/www.fabrezgroup.com\\\/home\\\/#website\"},\"datePublished\":\"2022-05-25T09:10:54+00:00\",\"dateModified\":\"2024-10-15T09:20:49+00:00\",\"breadcrumb\":{\"@id\":\"https:\\\/\\\/www.fabrezgroup.com\\\/home\\\/grupo-fabrez\\\/catalogos\\\/#breadcrumb\"},\"inLanguage\":\"es\",\"potentialAction\":[{\"@type\":\"ReadAction\",\"target\":[\"https:\\\/\\\/www.fabrezgroup.com\\\/home\\\/grupo-fabrez\\\/catalogos\\\/\"]}]},{\"@type\":\"BreadcrumbList\",\"@id\":\"https:\\\/\\\/www.fabrezgroup.com\\\/home\\\/grupo-fabrez\\\/catalogos\\\/#breadcrumb\",\"itemListElement\":[{\"@type\":\"ListItem\",\"position\":1,\"name\":\"Portada\",\"item\":\"https:\\\/\\\/www.fabrezgroup.com\\\/home\\\/\"},{\"@type\":\"ListItem\",\"position\":2,\"name\":\"GRUPO FABREZ\",\"item\":\"https:\\\/\\\/www.fabrezgroup.com\\\/home\\\/grupo-fabrez\\\/\"},{\"@type\":\"ListItem\",\"position\":3,\"name\":\"PAGINA CATALOGOS\"}]},{\"@type\":\"WebSite\",\"@id\":\"https:\\\/\\\/www.fabrezgroup.com\\\/home\\\/#website\",\"url\":\"https:\\\/\\\/www.fabrezgroup.com\\\/home\\\/\",\"name\":\"Fabrez Group\",\"description\":\"M\u00e1s de 30 a\u00f1os Aportando Soluciones\",\"publisher\":{\"@id\":\"https:\\\/\\\/www.fabrezgroup.com\\\/home\\\/#organization\"},\"alternateName\":\"Fabrez\",\"potentialAction\":[{\"@type\":\"SearchAction\",\"target\":{\"@type\":\"EntryPoint\",\"urlTemplate\":\"https:\\\/\\\/www.fabrezgroup.com\\\/home\\\/?s={search_term_string}\"},\"query-input\":{\"@type\":\"PropertyValueSpecification\",\"valueRequired\":true,\"valueName\":\"search_term_string\"}}],\"inLanguage\":\"es\"},{\"@type\":\"Organization\",\"@id\":\"https:\\\/\\\/www.fabrezgroup.com\\\/home\\\/#organization\",\"name\":\"Fabrez Group\",\"url\":\"https:\\\/\\\/www.fabrezgroup.com\\\/home\\\/\",\"logo\":{\"@type\":\"ImageObject\",\"inLanguage\":\"es\",\"@id\":\"https:\\\/\\\/www.fabrezgroup.com\\\/home\\\/#\\\/schema\\\/logo\\\/image\\\/\",\"url\":\"https:\\\/\\\/www.fabrezgroup.com\\\/home\\\/wp-content\\\/uploads\\\/2023\\\/12\\\/cropped-Icon-Fabrez-Group.png\",\"contentUrl\":\"https:\\\/\\\/www.fabrezgroup.com\\\/home\\\/wp-content\\\/uploads\\\/2023\\\/12\\\/cropped-Icon-Fabrez-Group.png\",\"width\":512,\"height\":512,\"caption\":\"Fabrez Group\"},\"image\":{\"@id\":\"https:\\\/\\\/www.fabrezgroup.com\\\/home\\\/#\\\/schema\\\/logo\\\/image\\\/\"},\"sameAs\":[\"https:\\\/\\\/www.facebook.com\\\/fabrez.group\\\/\",\"https:\\\/\\\/www.linkedin.com\\\/company\\\/fabrez-group\\\/\",\"https:\\\/\\\/www.instagram.com\\\/fabrez_group\\\/\",\"https:\\\/\\\/www.youtube.com\\\/@fabrezgroup\"]}]}<\/script>\n<!-- \/ Yoast SEO Premium plugin. -->","yoast_head_json":{"title":"PAGINA CATALOGOS - Fabrez Group","robots":{"index":"index","follow":"follow","max-snippet":"max-snippet:-1","max-image-preview":"max-image-preview:large","max-video-preview":"max-video-preview:-1"},"canonical":"https:\/\/www.fabrezgroup.com\/home\/grupo-fabrez\/catalogos\/","og_locale":"es_ES","og_type":"article","og_title":"PAGINA CATALOGOS","og_description":"Accede a nuestros cat\u00e1logos y descubre NUESTROS PRODUCTOS Cleancity Embelleciendo Ciudades Ecomove Movilidad El\u00e9ctrica MetalFab Transformados Industriales AgriFab Sistemas de Riego y Maquinaria Agr\u00edcola","og_url":"https:\/\/www.fabrezgroup.com\/home\/grupo-fabrez\/catalogos\/","og_site_name":"Fabrez Group","article_publisher":"https:\/\/www.facebook.com\/fabrez.group\/","article_modified_time":"2024-10-15T09:20:49+00:00","twitter_card":"summary_large_image","twitter_misc":{"Tiempo de lectura":"1 minuto"},"schema":{"@context":"https:\/\/schema.org","@graph":[{"@type":"WebPage","@id":"https:\/\/www.fabrezgroup.com\/home\/grupo-fabrez\/catalogos\/","url":"https:\/\/www.fabrezgroup.com\/home\/grupo-fabrez\/catalogos\/","name":"PAGINA CATALOGOS - Fabrez Group","isPartOf":{"@id":"https:\/\/www.fabrezgroup.com\/home\/#website"},"datePublished":"2022-05-25T09:10:54+00:00","dateModified":"2024-10-15T09:20:49+00:00","breadcrumb":{"@id":"https:\/\/www.fabrezgroup.com\/home\/grupo-fabrez\/catalogos\/#breadcrumb"},"inLanguage":"es","potentialAction":[{"@type":"ReadAction","target":["https:\/\/www.fabrezgroup.com\/home\/grupo-fabrez\/catalogos\/"]}]},{"@type":"BreadcrumbList","@id":"https:\/\/www.fabrezgroup.com\/home\/grupo-fabrez\/catalogos\/#breadcrumb","itemListElement":[{"@type":"ListItem","position":1,"name":"Portada","item":"https:\/\/www.fabrezgroup.com\/home\/"},{"@type":"ListItem","position":2,"name":"GRUPO FABREZ","item":"https:\/\/www.fabrezgroup.com\/home\/grupo-fabrez\/"},{"@type":"ListItem","position":3,"name":"PAGINA CATALOGOS"}]},{"@type":"WebSite","@id":"https:\/\/www.fabrezgroup.com\/home\/#website","url":"https:\/\/www.fabrezgroup.com\/home\/","name":"Fabrez Group","description":"M\u00e1s de 30 a\u00f1os Aportando Soluciones","publisher":{"@id":"https:\/\/www.fabrezgroup.com\/home\/#organization"},"alternateName":"Fabrez","potentialAction":[{"@type":"SearchAction","target":{"@type":"EntryPoint","urlTemplate":"https:\/\/www.fabrezgroup.com\/home\/?s={search_term_string}"},"query-input":{"@type":"PropertyValueSpecification","valueRequired":true,"valueName":"search_term_string"}}],"inLanguage":"es"},{"@type":"Organization","@id":"https:\/\/www.fabrezgroup.com\/home\/#organization","name":"Fabrez Group","url":"https:\/\/www.fabrezgroup.com\/home\/","logo":{"@type":"ImageObject","inLanguage":"es","@id":"https:\/\/www.fabrezgroup.com\/home\/#\/schema\/logo\/image\/","url":"https:\/\/www.fabrezgroup.com\/home\/wp-content\/uploads\/2023\/12\/cropped-Icon-Fabrez-Group.png","contentUrl":"https:\/\/www.fabrezgroup.com\/home\/wp-content\/uploads\/2023\/12\/cropped-Icon-Fabrez-Group.png","width":512,"height":512,"caption":"Fabrez Group"},"image":{"@id":"https:\/\/www.fabrezgroup.com\/home\/#\/schema\/logo\/image\/"},"sameAs":["https:\/\/www.facebook.com\/fabrez.group\/","https:\/\/www.linkedin.com\/company\/fabrez-group\/","https:\/\/www.instagram.com\/fabrez_group\/","https:\/\/www.youtube.com\/@fabrezgroup"]}]}},"jetpack_sharing_enabled":true,"_links":{"self":[{"href":"https:\/\/www.fabrezgroup.com\/home\/wp-json\/wp\/v2\/pages\/1449","targetHints":{"allow":["GET"]}}],"collection":[{"href":"https:\/\/www.fabrezgroup.com\/home\/wp-json\/wp\/v2\/pages"}],"about":[{"href":"https:\/\/www.fabrezgroup.com\/home\/wp-json\/wp\/v2\/types\/page"}],"author":[{"embeddable":true,"href":"https:\/\/www.fabrezgroup.com\/home\/wp-json\/wp\/v2\/users\/1"}],"replies":[{"embeddable":true,"href":"https:\/\/www.fabrezgroup.com\/home\/wp-json\/wp\/v2\/comments?post=1449"}],"version-history":[{"count":308,"href":"https:\/\/www.fabrezgroup.com\/home\/wp-json\/wp\/v2\/pages\/1449\/revisions"}],"predecessor-version":[{"id":15397,"href":"https:\/\/www.fabrezgroup.com\/home\/wp-json\/wp\/v2\/pages\/1449\/revisions\/15397"}],"up":[{"embeddable":true,"href":"https:\/\/www.fabrezgroup.com\/home\/wp-json\/wp\/v2\/pages\/85"}],"wp:attachment":[{"href":"https:\/\/www.fabrezgroup.com\/home\/wp-json\/wp\/v2\/media?parent=1449"}],"curies":[{"name":"wp","href":"https:\/\/api.w.org\/{rel}","templated":true}]}}